355 and 751939?
23
Calculate the greatest common divisor of 23324 and 198997036.
3332
What is the highest common factor of 13 and 176792551?
13
Calculate the greatest common divisor of 4243377 and 205.
41
Calculate the greatest common factor of 419 and 17112379.
419
What is the greatest common factor of 31430 and 135310?
70
What is the highest common factor of 320 and 664478960?
80
What is the highest common divisor of 23 and 478211837?
23
What is the highest common factor of 105 and 4892830?
5
Calculate the highest common factor of 6524804 and 1098.
122
Calculate the greatest common divisor of 3425178 and 35934.
318
Calculate the highest common divisor of 13794 and 2916386.
418
Calculate the greatest common factor of 11061464 and 844.
844
What is the greatest common divisor of 1306249 and 21494?
977
What is the greatest common factor of 168508451 and 27079?
2083
Calculate the highest common factor of 2293826 and 255056.
1678
What is the greatest common divisor of 175667 and 3007?
97
What is the greatest common factor of 582 and 14386846?
194
What is the highest common divisor of 569152128 and 1806?
258
Calculate the greatest common factor of 48024 and 25798284.
1044
What is the highest common divisor of 925 and 1998525?
25
What is the greatest common factor of 24 and 32482122?
6
Calculate the greatest common factor of 1107841 and 68747.
1127
Calculate the greatest common divisor of 5382 and 277147.
13
Calculate the greatest common divisor of 640346 and 1961.
53
What is the greatest common divisor of 43734 and 78?
6
What is the greatest common factor of 2085 and 31809455?
695
What is the highest common divisor of 26107085 and 8845?
305
Calculate the greatest common divisor of 1243 and 44355777.
113
What is the greatest common factor of 17696178 and 1566?
54
What is the highest common divisor of 5755 and 1252155635?
5755
What is the greatest common divisor of 28204035 and 271605?
14295
Calculate the highest common factor of 32560590 and 30.
30
What is the highest common divisor of 115064 and 175636?
76
Calculate the highest common factor of 594678666 and 306.
102
What is the highest common factor of 435 and 69195?
15
Calculate the greatest common factor of 4841952 and 2208.
96
What is the greatest common divisor of 43758 and 46418823?
1683
What is the greatest common factor of 30 and 38613585?
15
What is the highest common divisor of 38403 and 14569?
17
What is the greatest common factor of 1238666 and 2989?
61
What is the greatest common divisor of 214385 and 162710?
265
Calculate the highest common factor of 286 and 926656731.
143
What is the highest common factor of 20188715 and 860?
215
Calculate the greatest common factor of 20240147 and 586.
293
Calculate the highest common divisor of 354627208 and 13.
13
What is the highest common factor of 51851515 and 9938?
4969
What is the highest common divisor of 196 and 171741325?
49
Calculate the greatest common factor of 16684 and 12315799.
97
What is the greatest common divisor of 53248 and 265005?
13
Calculate the highest common factor of 93965464 and 372.
124
What is the greatest common divisor of 2761 and 2039554?
11
Calculate the greatest common divisor of 25386326 and 25130.
5026
What is the highest common factor of 97370 and 167440?
910
Calculate the highest common factor of 278100 and 21386508.
1236
Calculate the greatest common factor of 56 and 61851048.
56
Calculate the greatest common divisor of 193695 and 649489.
349
What is the highest common factor of 69365501 and 12417?
4139
What is the highest common divisor of 4 and 16297508?
4
Calculate the greatest common divisor of 198432 and 192568.
8
Calculate the greatest common divisor of 74 and 154715389.
37
Calculate the highest common divisor of 13684133 and 25993.
2363
What is the greatest common divisor of 11832678 and 936?
234
Calculate the greatest common factor of 25270 and 2252830.
190
Calculate the highest common divisor of 558552792 and 552.
552
Calculate the greatest common factor of 24 and 2542479.
3
What is the highest common divisor of 102 and 156186429?
51
What is the highest common divisor of 310 and 2462190?
10
What is the highest common factor of 29 and 202972189?
29
What is the greatest common divisor of 93622830 and 13230?
1470
Calculate the greatest common divisor of 689910327 and 7479.
2493
What is the highest common factor of 1329448 and 33017?
137
Calculate the greatest common divisor of 4974018 and 84.
42
Calculate the greatest common factor of 2 and 2951869.
1
Calculate the greatest common factor of 146 and 662382874.
146
Calculate the greatest common divisor of 6306768 and 195.
39
What is the greatest common factor of 45637158 and 4?
2
What is the highest common factor of 182637531 and 432?
27
What is the highest common divisor of 47872474 and 130?
26
What is the highest common divisor of 2872 and 573753800?
2872
What is the greatest common divisor of 31284 and 1061148?
132
Calculate the greatest common factor of 99 and 27521835.
33
Calculate the highest common factor of 3840 and 166393600.
1280
What is the greatest common divisor of 3294 and 8318997?
1647
Calculate the highest common factor of 41750 and 3257250.
250
Calculate the greatest common factor of 32304283 and 242.
11
What is the greatest common factor of 78 and 11998194?
78
What is the highest common factor of 460724514 and 102?
102
What is the greatest common factor of 5708422 and 946?
86
Calculate the highest common factor of 168 and 28321720.
56
What is the greatest common factor of 2 and 2328386?
2
Calculate the highest common factor of 41247403 and 3877.
3877
What is the greatest common factor of 24374740 and 140040?
7780
What is the highest common factor of 27020071 and 26?
13
Calculate the highest common factor of 1870 and 11154935.
55
Calculate the highest common divisor of 29218 and 191814.
14
What is the greatest common factor of 33891 and 11366520?
2607
What is the greatest common divisor of 10911813 and 264?
33
Calculate the greatest common divisor of 3336 and 76572.
12
Calculate the highest common divisor of 20 and 18060580.
20
What is the greatest common factor of 22657158 and 76?
38
What is the greatest common divisor of 492 and 47277264?
492
What is the greatest common divisor of 7161 and 184233?
651
What is the highest common factor of 103519 and 299429?
13
Calculate the highest common factor of 75401 and 177.
1
Calculate the greatest common divisor of 1689 and 6870289.
563
What is the greatest common divisor of 518707 and 7?
7
What is the highest common factor of 23235672 and 840?
24
Calculate the greatest common factor of 64 and 1915120.
16
What is the greatest common divisor of 1147461 and 966?
21
What is the highest common divisor of 20018520 and 4590?
1530
What is the highest common divisor of 1148248 and 2754?
34
What is the greatest common factor of 3421593 and 63?
63
What is the highest common factor of 3912 and 41840144?
1304
What is the highest common divisor of 30 and 104620965?
15
What is the greatest common factor of 72240 and 14610?
30
What is the highest common factor of 584 and 656776?
8
What is the highest common factor of 682491288 and 24?
24
Calculate the greatest common factor of 54693312 and 164592.
6096
What is the greatest common factor of 610834952 and 3160?
632
Calculate the highest common factor of 358449755 and 5.
5
What is the highest common factor of 2699127 and 2718?
9
What is the highest common divisor of 1534 and 1663210?
118
Calculate the greatest common divisor of 3297692 and 2215.
443
What is the greatest common factor of 1041115 and 15?
5
What is the greatest common divisor of 19700450 and 1462?
1462
Calculate the highest common divisor of 5175 and 2454.
3
Calculate the greatest common factor of 628 and 22783997.
157
What is the greatest common divisor of 19711544 and 3440?
344
Calculate the greatest common divisor of 1135164 and 18948.
12
What is the greatest common divisor of 246 and 4192086?
246
What is the highest common divisor of 4450 and 71210?
10
What is the greatest common factor of 4792837 and 70?
7
What is the highest common divisor of 618984 and 11304?
72
What is the greatest common divisor of 22 and 828766?
2
Calculate the highest common factor of 28 and 28609112.
28
What is the gre